tors of 91627?
59, 1553
What are the prime factors of 27439?
23, 1193
What are the prime factors of 418?
2, 11, 19
List the prime factors of 4186.
2, 7, 13, 23
What are the prime factors of 2208?
2, 3, 23
List the prime factors of 2075.
5, 83
What are the prime factors of 1040?
2, 5, 13
List the prime factors of 1185.
3, 5, 79
What are the prime factors of 1024?
2
List the prime factors of 6648.
2, 3, 277
List the prime factors of 1717.
17, 101
What are the prime factors of 2169?
3, 241
List the prime factors of 9200.
2, 5, 23
What are the prime factors of 1136?
2, 71
What are the prime factors of 3721?
61
What are the prime factors of 20363?
7, 2909
List the prime factors of 3398.
2, 1699
What are the prime factors of 892?
2, 223
What are the prime factors of 7330?
2, 5, 733
What are the prime factors of 94428?
2, 3, 43, 61
What are the prime factors of 1060?
2, 5, 53
List the prime factors of 7737.
3, 2579
What are the prime factors of 2193?
3, 17, 43
What are the prime factors of 20707?
20707
List the prime factors of 12684.
2, 3, 7, 151
What are the prime factors of 99?
3, 11
What are the prime factors of 765?
3, 5, 17
What are the prime factors of 4359?
3, 1453
What are the prime factors of 331?
331
What are the prime factors of 12202?
2, 6101
What are the prime factors of 123479?
123479
What are the prime factors of 1207?
17, 71
What are the prime factors of 1186?
2, 593
What are the prime factors of 2883?
3, 31
List the prime factors of 1873.
1873
List the prime factors of 7667.
11, 17, 41
List the prime factors of 886.
2, 443
List the prime factors of 6536.
2, 19, 43
List the prime factors of 885.
3, 5, 59
List the prime factors of 7702.
2, 3851
List the prime factors of 6216.
2, 3, 7, 37
What are the prime factors of 2417?
2417
What are the prime factors of 105?
3, 5, 7
List the prime factors of 2988.
2, 3, 83
What are the prime factors of 1994?
2, 997
What are the prime factors of 1774?
2, 887
List the prime factors of 496.
2, 31
What are the prime factors of 2185?
5, 19, 23
List the prime factors of 123.
3, 41
List the prime factors of 31383.
3, 11, 317
What are the prime factors of 31307?
31307
What are the prime factors of 104103?
3, 43, 269
What are the prime factors of 3720?
2, 3, 5, 31
What are the prime factors of 14860?
2, 5, 743
List the prime factors of 508.
2, 127
What are the prime factors of 178?
2, 89
What are the prime factors of 995?
5, 199
List the prime factors of 11664.
2, 3
List the prime factors of 225.
3, 5
What are the prime factors of 22099?
7, 11, 41
What are the prime factors of 157326?
2, 3, 13, 2017
What are the prime factors of 707?
7, 101
List the prime factors of 11323.
13, 67
What are the prime factors of 21980?
2, 5, 7, 157
What are the prime factors of 24067?
41, 587
List the prime factors of 2469.
3, 823
What are the prime factors of 949?
13, 73
What are the prime factors of 4303?
13, 331
What are the prime factors of 62086?
2, 37, 839
List the prime factors of 1036.
2, 7, 37
List the prime factors of 1899.
3, 211
List the prime factors of 2793.
3, 7, 19
What are the prime factors of 519?
3, 173
What are the prime factors of 43661?
43661
List the prime factors of 79071.
3, 26357
What are the prime factors of 1104?
2, 3, 23
List the prime factors of 28744.
2, 3593
List the prime factors of 87011.
87011
What are the prime factors of 589?
19, 31
List the prime factors of 79362.
2, 3, 4409
List the prime factors of 92.
2, 23
List the prime factors of 1613.
1613
What are the prime factors of 2553?
3, 23, 37
What are the prime factors of 17938?
2, 8969
List the prime factors of 1654.
2, 827
List the prime factors of 4206.
2, 3, 701
What are the prime factors of 355?
5, 71
What are the prime factors of 909?
3, 101
What are the prime factors of 20942?
2, 37, 283
List the prime factors of 48950.
2, 5, 11, 89
What are the prime factors of 3812?
2, 953
What are the prime factors of 20086?
2, 11, 83
List the prime factors of 51370.
2, 5, 11, 467
List the prime factors of 11080.
2, 5, 277
List the prime factors of 55492.
2, 13873
What are the prime factors of 20626?
2, 10313
List the prime factors of 40407.
3, 13469
List the prime factors of 13335.
3, 5, 7, 127
What are the prime factors of 63458?
2, 31729
What are the prime factors of 825?
3, 5, 11
What are the prime factors of 31944?
2, 3, 11
List the prime factors of 61093.
199, 307
List the prime factors of 8613.
3, 11, 29
List the prime factors of 2671.
2671
List the prime factors of 453.
3, 151
What are the prime factors of 28124?
2, 79, 89
What are the prime factors of 7440?
2, 3, 5, 31
What are the prime factors of 1460?
2, 5, 73
What are the prime factors of 3790?
2, 5, 379
What are the prime factors of 1044?
2, 3, 29
List the prime factors of 941.
941
List the prime factors of 36636.
2, 3, 43, 71
What are the prime factors of 13989?
3, 4663
List the prime factors of 4348.
2, 1087
List the prime factors of 152916.
2, 3, 12743
List the prime factors of 8218.
2, 7, 587
List the prime factors of 1095.
3, 5, 73
What are the prime factors of 25?
5
What are the prime factors of 644?
2, 7, 23
What are the prime factors of 2979?
3, 331
What are the prime factors of 70073?
79, 887
List the prime factors of 4640.
2, 5, 29
List the prime factors of 15622.
2, 73, 107
List the prime factors of 20456.
2, 2557
List the prime factors of 1361.
1361
What are the prime factors of 2559?
3, 853
What are the prime factors of 2110?
2, 5, 211
List the prime factors of 956.
2, 239
What are the prime factors of 14091?
3, 7, 11, 61
List the prime factors of 1730.
2, 5, 173
What are the prime factors of 753?
3, 251
What are the prime factors of 949?
13, 73
What are the prime factors of 135082?
2, 17, 29, 137
List the prime factors of 42125.
5, 337
What are the prime factors of 4687?
43, 109
What are the prime factors of 128016?
2, 3, 7, 127
List the prime factors of 14689.
37, 397
What are the prime factors of 484?
2, 11
List the prime factors of 36390.
2, 3, 5, 1213
List the prime factors of 6855.
3, 5, 457
List the prime factors of 18207.
3, 7, 17
List the prime factors of 566.
2, 283
What are the prime factors of 29?
29
What are the prime factors of 219?
3, 73
List the prime factors of 1235.
5, 13, 19
What are the prime factors of 41455?
5, 8291
List the prime factors of 15881.
15881
What are the prime factors of 9452?
2, 17, 139
List the prime factors of 3003.
3, 7, 11, 13
What are the prime factors of 9134?
2, 4567
What are the prime factors of 6193?
11, 563
List the prime factors of 136.
2, 17
What are the prime factors of 15543?
3, 11, 157
List the prime factors of 46338.
2, 3, 7723
What are the prime factors of 6061?
11, 19, 29
List the prime factors of 84918.
2, 3, 14153
What are the prime factors of 5008?
2, 313
List the prime factors of 30450.
2, 3, 5, 7, 29
What are the prime factors of 1196?
2, 13, 23
What are the prime factors of 82642?
2, 7, 5903
What are the prime factors of 154615?
5, 17, 107
List the prime factors of 82800.
2, 3, 5, 23
List the prime factors of 2898.
2, 3, 7, 23
List the prime factors of 5864.
2, 733
List the prime factors of 5618.
2, 53
What are the prime factors of 40032?
2, 3, 139
What are the prime factors of 9541?
7, 29, 47
What are the prime factors of 10931?
17, 643
List the prime factors of 22135.
5, 19, 233
What are the prime factors of 14816?
2, 463
What are the prime factors of 10130?
2, 5, 1013
List the prime factors of 1141.
7, 163
List the prime factors of 7126.
2, 7, 509
List the prime factors of 91286.
2, 13, 3511
What are the prime factors of 3429?
3, 127
List the prime factors of 162.
2, 3
List the prime factors of 24633.
3, 7, 17, 23
What are the prime factors of 434?
2, 7, 31
What are the prime factors of 108160?
2, 5, 13
List the prime factors of 992.
2, 31
What are the prime factors of 125?
5
What are the prime factors of 2308?
2, 577
What are the prime factors of 4760?
2, 5, 7, 17
What are the prime factors of 1945?
5, 389
List the prime factors of 69317.
69317
List the prime factors of 32557.
7, 4651
What are the prime factors of 7460?
2, 5, 373
What are the prime factors of 228?
2, 3, 19
List the prime factors of 39901.
39901
What are the prime factors of 12754?
2, 7, 911
List the prime factors of 215.
5, 43
What are